i = -2*r - 5*i - 16. Let d(p) = -p**3 - 6*p**2 - p - 7. Let u be d(-5). Let h = r - u. Is 3 a factor of h?
False
Suppose -2*n + 5 = 3*n. Let h be (-1 - 8/(-1)) + n. Suppose 5*m - h + 28 = 0, -76 = -3*b + 4*m. Does 10 divide b?
True
Suppose -4*l = 2*j + 54, 5*l + 4*j + 63 = -0*j. Let t be 0/((-10)/(l/3)). Suppose -z - z + 90 = t. Is z a multiple of 11?
False
Let c(o) = -o**2 - 7*o - 10. Let b be c(-3). Suppose -b*w = -5*y + 316, -4*y + 3*w - 33 + 290 = 0. Is y a multiple of 13?
False
Suppose -a + 20 = 4*x, -2*x + 4*a = 3*a - 10. Suppose x*v - 172 - 258 = 0. Is v a multiple of 13?
False
Suppose -3*s = -2 - 352. Let d = s + -76. Suppose -198 = -2*c - d. Is c a multiple of 20?
False
Let b = 5732 - 2564. Is b a multiple of 24?
True
Let k = 2425 - 1209. Is 31 a factor of k?
False
Suppose 2*r + 3*x = 12, 6*r + x = r + 4. Suppose n - 134 - 69 = r. Is n a multiple of 29?
True
Let i = 190 + -71. Let a = i - 85. Suppose 3*w - 78 = 3*d, -3*w + 4*d = -40 - a. Does 10 divide w?
True
Suppose -16*i + 448 = -8*i. Does 28 divide i?
True
Let k(d) = -2*d**3 - 16*d**2 - 13*d - 64. Is k(-8) a multiple of 8?
True
Let a(c) = 6*c - 28. Let v be a(6). Let n = -1 + 25. Let k = n - v. Does 10 divide k?
False
Let q be 185/(-20) + (-3)/(-12). Let l be -9*3/q - -1. Is 0 - -2 - -9*l a multiple of 13?
False
Let w = 104 + -68. Suppose 35*k = w*k - 33. Is 11 a factor of k?
True
Let v = 62 - 36. Suppose -4*l - v + 226 = 0. Is 10 a factor of l?
True
Let x = 5 + -5. Let y(b) = b**3 + 13*b**2 + 9*b - 1. Let u be y(-11). Suppose x = 3*w - u - 32. Does 26 divide w?
False
Let w = 227 - 102. Suppose -3*x + 4*x + y = 25, -4*y - w = -5*x. Is x a multiple of 8?
False
Suppose 0 = -2*j - 30 - 0. Let m be (j/6 - -3)*4. Suppose -27 = -z + m. Does 11 divide z?
False
Suppose -270 + 648 = 14*v. Let g = v + -7. Is 2 a factor of g?
True
Suppose -2*r + 4 = -8. Suppose t - r*t + 15 = 0. Suppose 23 = t*o - 4*n - 57, 86 = 4*o + 5*n. Is 8 a factor of o?
True
Let c be (9 - -3)/(-3) + (1 - 3). Does 7 divide ((-87)/c)/(7/42)?
False
Let v(m) = -6*m - 3. Let d be v(1). Let k(w) = -w**2 - 9*w + 3. Let o be k(d). Suppose 0*c - 60 = -c + y, 3*c - 204 = -o*y. Does 22 divide c?
False
Let b(k) = -k**2 + k - 2. Let c be b(3). Let q = c - 2. Let i(j) = -3*j - 8. Does 15 divide i(q)?
False
Suppose 2*w - 5592 = -4*t, -6*w + 5574 = -4*w - 5*t. Is 31 a factor of w?
False
Suppose 26*m = 58*m - 36608. Is m a multiple of 39?
False
Let d = 57 - 51. Is 2 a factor of d?
True
Let v = 4 + 636. Is 20 a factor of v?
True
Suppose 3155 = g - 33*m + 29*m, 4*m = -20. Is 11 a factor of g?
True
Let w be ((-21)/6)/((-3)/6). Suppose 3*n - 2 - w = 0, -2*x + 3*n + 511 = 0. Is 13 a factor of x?
True
Suppose -4*q = -3*r - 1239, 4*r + 918 = 2*q + 306. Is q a multiple of 12?
True
Let j(u) = 15*u**2 + 27*u + 183. Does 40 divide j(-9)?
False
Let x(a) = -a**2 - 2*a + 2. Let d be x(0). Suppose -4*i - v + 377 = -d*v, i - v = 95. Does 24 divide i?
False
Suppose -5*j = -s - 144, 4*j - 2*j = -4*s + 62. Suppose -2*q + 12 - 5 = -5*i, 2 = 2*q - 4*i. Let m = j + q. Is m a multiple of 20?
True
Suppose 4*t + 93 = 5*t. Let a = t + -55. Is a a multiple of 7?
False
Let i(b) = 35*b**3 - 2*b**2 + 3*b + 3. Does 34 divide i(2)?
False
Suppose 3987 = 5*q + 4*r, -r - 3997 = -3*q - 2*q. Is q a multiple of 94?
False
Let n be (-624)/(-26)*(6*1)/(-2). Is -2 - (2 + n - -4) a multiple of 4?
True
Let j(z) = -z**3 - 13*z**2 - 21*z + 5. Is j(-14) a multiple of 15?
True
Let y(i) = -i**2 + 11*i + 7. Let o be y(11). Suppose -2*f + 3*g = -30, -o*g - 34 = -2*f - 3*g. Let k(x) = x**3 - 8*x**2 - 8*x + 9. Does 6 divide k(f)?
True
Let n = -536 + 685. Is 4 a factor of n?
False
Let o(p) be the third derivative of 0 - 5/2*p**3 - 6*p**2 - 1/4*p**4 + 0*p. Is 15 a factor of o(-7)?
False
Let b = -64 - -74. Does 5 divide 196/b + (-10)/(-25)?
True
Suppose 4*z = 396 + 1636. Does 55 divide z?
False
Let f be (-36)/(-96) - 42/(-16). Suppose 0 = -2*j + b - 2*b + 286, -f*b = -2*j + 294. Does 24 divide j?
True
Let c = 3014 - 1934. Is c a multiple of 45?
True
Suppose 3*n + 5*p = 8*n - 3395, 5*n + 4*p = 3422. Suppose -107 = 5*y - n. Is y a multiple of 23?
True
Does 22 divide ((-1233)/6)/(24/(-16))?
False
Let h = 113 - -17. Suppose 3*x = -0*r + r + 390, 3*r - h = -x. Does 26 divide x?
True
Is -12*((-2)/(-8) + -4) a multiple of 14?
False
Let q = -52 + 29. Let v = q - -27. Suppose 0*l + 132 = v*l. Is 11 a factor of l?
True
Suppose -5*b + 10777 = 1207. Is b a multiple of 29?
True
Let z(o) = 18*o**3 + o**2 + o - 1. Let f be 2 - (-3 - 1)/(-4). Does 3 divide z(f)?
False
Is (1 - 31)*(1 + 1130/(-50)) a multiple of 9?
True
Let o(x) = 3*x**2 - 6*x + 2. Let s be o(2). Let h(a) = 151*a - 3. Is h(s) a multiple of 15?
False
Let v = -317 + 462. Is 5 a factor of v?
True
Suppose 5*p + 631 = 3*v + p, -3*v + 2*p + 641 = 0. Suppose -4*u + v = 1. Is u a multiple of 18?
True
Suppose -2 - 3 = -2*l - z, 4*l - 2*z = -10. Suppose 7*v - 558 = 3*v + p, l = -4*v + 2*p + 560. Is v a multiple of 15?
False
Let j(a) = 2*a**2 + 4*a - 8. Let k be j(-6). Suppose -k = -2*b + 56. Suppose -60 - b = -4*n. Is n a multiple of 11?
False
Suppose 5*t + 70 = 2*m, -m + 29 = t - 2*t. Is 15 a factor of 2255/m + 1/(-5)?
True
Let i(z) = 65*z**2 - 16*z + 2. Does 71 divide i(4)?
False
Suppose -2*j - 510 = -3*u, 1250 = -6*j + j - 5*u. Let r be ((-8)/6)/(2/j). Suppose 3*n + n - r = 0. Is n a multiple of 18?
False
Suppose -o - o - 186 = -4*w, 0 = -3*w - 4*o + 134. Suppose -3*c + 21 = -2*p + w, 5*c + 75 = 5*p. Does 14 divide p?
False
Suppose -2*z + 0*g + 3*g = -304, 0 = -5*g - 20. Does 7 divide z?
False
Let q(n) = 64*n - 138. Does 6 divide q(6)?
True
Let s(y) = 1. Let m(j) be the first derivative of -5*j**2/2 - 2. Let d(p) = -m(p) - 3*s(p). Is 10 a factor of d(5)?
False
Let n(a) = 2*a**2 + 17*a - 72. Does 15 divide n(12)?
True
Suppose 4*p = 7 + 1. Let h be 5 - 3 - 48 - p. Let m = h - -102. Is 18 a factor of m?
True
Suppose -5*y = -3*y - 4. Suppose -y*v = 2*v - 412. Does 31 divide v?
False
Let w(b) = -2*b**3 + 4*b + 10. Let s be -2 + 0 - (2 - -1). Let l be w(s). Suppose f = -4*f + l. Is 6 a factor of f?
True
Suppose z - 4*c - 209 = 214, 10 = -5*c. Is 28 a factor of z?
False
Let c = -185 + 189. Let r be (-2 + -4)*2/(-6). Suppose -r*z - 2*j + 32 = -14, z + c*j - 35 = 0. Is 6 a factor of z?
False
Let t(k) = k**2 - 8*k + 9. Let v = 12 + -6. Let x be t(v). Does 10 divide (-10)/x*27/6?
False
Let m(o) = 52*o - 149. Does 10 divide m(35)?
False
Let f(o) = -o**2 + 5. Let l be f(0). Suppose -4*d + 10 = 3*n - 10, -3*n = 0. Suppose -l*g = x - 70, -2*x + d*g = -4*x + 115. Is 15 a factor of x?
True
Let q(u) = u**3 + 21*u**2 + 6*u - 70. Is 4 a factor of q(-20)?
False
Let r = 10 + -8. Suppose -r*o = -o. Suppose -4*c - 4*b - 49 + 221 = o, 15 = -3*b. Is c a multiple of 16?
True
Suppose -h = 5*l - 3687, -5*l - h + 5*h = -3677. Is 14 a factor of l?
False
Let p = 13 - 36. Let l = -19 - p. Suppose 5*r - 2*b = 314, l*r - 2*b = -0*b + 252. Does 13 divide r?
False
Suppose -16*o = -3647 - 1249. Is o a multiple of 15?
False
Suppose -691*v = -684*v - 3115. Does 50 divide v?
False
Let z = -1147 - -1179. Does 8 divide z?
True
Suppose -10 = -2*f + 3*a - a, -f = -4*a - 8. Suppose -2*m - 29 = -m - 3*l, 0 = m + f*l + 36. Does 2 divide 5/(-2)*m/10?
True
Suppose v + 3*j = 106, -3*j = -2*v + 156 + 74. Is 16 a factor of v?
True
Let u = -278 + 549. Let r = 403 - u. Does 15 divide (-3)/((-9)/r + 0)?
False
Let f(i) = -4*i - 10. Let p be f(-9). Suppose 35 = 5*j + h + 4*h, -4*j - 5*h + 33 = 0. Suppose 4*r - m - 32 = 3*m, -j*r - 3*m = -p. Is 5 a factor of r?
True
Suppose 3 - 39 = -4*t. Let i(l) = -l**3 + 12*l**2 - 18*l - 17. Is i(t) a multiple of 8?
True
Let v be 234*(0 - -5)/15. Let z = 94 - v. Is 8 a factor of z?
True
Let o = 158 - 118. Does 4 divide o?
True
Suppose 0 = -3*y, -2*x + 3*x - y = 207. Suppose -4*m = x - 827. Does 49 divide m?
False
Let m = 367 - 210. Suppose m = 5*d + 3*n, -4*d - 2*n - 20 = -144. Is d a multiple of 6?
False
Suppose 7*h - 5*h = 4. Suppose -5*l = -h*l - 81. Does 9 divide l?
True
Let s be 10/2 - (4 - 5). Let b(w) = 7*w - s - 20*w + 2*w. Is b(-3) a multiple of 9?
True
Suppose 0 = -z - 2*z. Suppose z*a + a = -1. Does 22 divide (-22)/(-33)*(a - -67)?
True
Let s be -3 + 7 - (-2 - 0). Is 24 a factor of (0 - (-27)/s)/(3/160)?
True
Let k be 124/44 + 6/33. Suppose -k*w + 11*w =